hat is -11011011001 + 101?
-11011010100
In base 11, what is -404 - 2?
-406
In base 16, what is 18 - 2?
16
In base 4, what is -12023 - 213?
-12302
In base 12, what is -1 + -b8?
-b9
In base 7, what is -112025 + 4?
-112021
In base 11, what is -3 + 171?
169
In base 9, what is -230 - -1?
-228
In base 7, what is -150 + -124?
-304
In base 9, what is -5 - 2777?
-2783
In base 7, what is -1002 + -20?
-1022
In base 15, what is b5 - -9?
be
In base 11, what is 14a5 - 6?
149a
In base 15, what is -7 - -16?
e
In base 16, what is -57 - d?
-64
In base 12, what is 2 - 1b?
-19
In base 12, what is -1 + -167?
-168
In base 10, what is 383 - -33?
416
In base 11, what is -14 - -291?
278
In base 6, what is -22 - 31?
-53
In base 12, what is 3 - -17?
1a
In base 13, what is -57 - -3?
-54
In base 15, what is -8b - 0?
-8b
In base 13, what is -7 - 11?
-18
In base 15, what is -348 - 0?
-348
In base 10, what is 10 + 97?
107
In base 12, what is b48 - 0?
b48
In base 11, what is -a8 - 2?
-aa
In base 10, what is 2776 + 1?
2777
In base 3, what is 12 - -11022012?
11022101
In base 10, what is 0 + -69?
-69
In base 15, what is -3 - -124c?
1249
In base 7, what is -110 + 312?
202
In base 6, what is -1 - 40?
-41
In base 16, what is 1076 - -5?
107b
In base 11, what is -4 + 1598?
1594
In base 8, what is 3 - -33?
36
In base 6, what is 211 + 215?
430
In base 11, what is -1154 + -5?
-1159
In base 16, what is 40d + -6?
407
In base 14, what is -10 - -4?
-a
In base 16, what is 78 + 8?
80
In base 15, what is -1 - -8?
7
In base 8, what is 76 - 2?
74
In base 10, what is -698 + 1?
-697
In base 16, what is 33 + 0?
33
In base 14, what is -3 + 33c?
339
In base 16, what is -49c + 5?
-497
In base 7, what is -206 - 4?
-213
In base 7, what is -21 + 240?
216
In base 8, what is 1 + 522?
523
In base 6, what is -35240 + 2?
-35234
In base 6, what is 101 + 34?
135
In base 3, what is -10 - -212?
202
In base 5, what is -21311 - 4?
-21320
In base 7, what is -66 + 3?
-63
In base 5, what is -1111 - 4?
-1120
In base 13, what is 8 - 24?
-19
In base 6, what is -245 + -2?
-251
In base 16, what is -1e - -16?
-8
In base 10, what is 32 - -26?
58
In base 6, what is 1015 - 4?
1011
In base 15, what is 3 + -28?
-25
In base 6, what is 45 - 1?
44
In base 7, what is -1 - -62?
61
In base 15, what is 209 - 5?
204
In base 3, what is 11211221 - -10?
11212001
In base 3, what is -1 + 22121111?
22121110
In base 11, what is 0 - -15?
15
In base 16, what is -2 + a9?
a7
In base 12, what is -14 - 213?
-227
In base 2, what is 101111100010 - -11?
101111100101
In base 2, what is 10 - -1101000?
1101010
In base 6, what is -5 - -21?
12
In base 16, what is 784 - -7?
78b
In base 16, what is -3cf - -2?
-3cd
In base 2, what is -1 + 100?
11
In base 7, what is -4 + -316?
-323
In base 3, what is 2 - -2111?
2120
In base 2, what is 100000000 + 1001?
100001001
In base 16, what is -62 - 5?
-67
In base 12, what is -4 - -213?
20b
In base 4, what is 2233 + -102?
2131
In base 7, what is 233 - -1?
234
In base 14, what is -b7 + -3?
-ba
In base 7, what is 535 + -6?
526
In base 3, what is -1 + 200?
122
In base 7, what is 5 + 463?
501
In base 10, what is 1 - -43?
44
In base 14, what is -14 - 9?
-1d
In base 6, what is -1 - 154?
-155
In base 13, what is 2 + -21?
-1c
In base 3, what is 102102 + 2?
102111
In base 9, what is -5 - 6212?
-6217
In base 3, what is -12 + 2021000?
2020211
In base 14, what is -4 - -252?
24c
In base 12, what is -1a - -2?
-18
In base 2, what is -11001010001 - -1?
-11001010000
In base 6, what is -3 - 45?
-52
In base 7, what is 211 + 13?
224
In base 6, what is -21410 + 2?
-21404
In base 2, what is 11 - 11001?
-10110
In base 12, what is -970 + -5?
-975
In base 11, what is 10 - 24?
-14
In base 13, what is -3c9 - 3?
-3cc
In base 4, what is -2 - 3031?
-3033
In base 6, what is -15043 + 3?
-15040
In base 14, what is 59 - -3?
5c
In base 10, what is 13 + 51?
64
In base 14, what is 1 + 1143?
1144
In base 2, what is 110111000 + 1?
110111001
In base 2, what is 1110 + 100111?
110101
In base 8, what is 2714 - -14?
2730
In base 16, what is -4 + 20d?
209
In base 4, what is 13 - -220231?
220310
In base 8, what is -3 - 4332?
-4335
In base 15, what is 3 + 188?
18b
In base 13, what is -240 - -1?
-23c
In base 2, what is -101 - 100101000?
-100101101
In base 9, what is 4 - 15?
-11
In base 10, what is 5 - 3393?
-3388
In base 10, what is -54 - -5?
-49
In base 12, what is 805 + 2?
807
In base 13, what is 621 + -2?
61c
In base 11, what is 89 + 3?
91
In base 7, what is 5654 - 1?
5653
In base 8, what is 734 - -2?
736
In base 3, what is 101021 + 1?
101022
In base 9, what is -4 + 403?
388
In base 5, what is -4 + -13103?
-13112
In base 4, what is -1 + -103?
-110
In base 9, what is -56 + -5?
-62
In base 6, what is -5554 - -2?
-5552
In base 15, what is 5 - 175?
-170
In base 2, what is 10 + -11110100?
-11110010
In base 7, what is -605 - 4?
-612
In base 16, what is b78 - 2?
b76
In base 3, what is -11221 + -1?
-11222
In base 16, what is 8b + -5?
86
In base 5, what is 100213 - 3?
100210
In base 16, what is -11 - 2b?
-3c
In base 14, what is -60 - -1b?
-43
In base 4, what is 0 - 212231?
-212231
In base 3, what is 200121210 - 1?
200121202
In base 9, what is 2275 + 0?
2275
In base 8, what is 1 + -2503?
-2502
In base 15, what is -4 + 15b?
157
In base 9, what is 2046 + 2?
2048
In base 5, what is -3 + -103?
-111
In base 16, what is -9 - -2b3?
2aa
In base 5, what is 11 - -1242?
1303
In base 4, what is 232 + -10?
222
In base 6, what is -32354 + 0?
-32354
In base 15, what is 23 - -186?
1a9
In base 3, what is -10 - 212?
-222
In base 7, what is -250 + -3?
-253
In base 9, what is 1034 - -2?
1036
In base 11, what is -5 + 19?
14
In base 10, what is -191 - 1?
-192
In base 12, what is 261 + 0?
261
In base 7, what is 0 - -263?
263
In base 2, what is 101010001 + 11?
101010100
In base 6, what is -5 + -433?
-442
In base 13, what is -8 - 8?
-13
In base 2, what is 1101101110 - 0?
1101101110
In base 6, what is -3 + 4113?
4110
In base 15, what is -7 + 37?
30
In base 14, what is 3 - -101b?
1020
In base 9, what is 845 + -6?
838
In base 2, what is 10 + 1110010010?
1110010100
In base 15, what is -11 + -19?
-2a
In base 15, what is 4 + -3e?
-3a
In base 15, what is 3 + 2ec?
300
In base 14, what is -3d - 8?
-47
In base 9, what is -7802 + -4?
-7806
In base 16, what is 1c + -3e?
-22
In base 10, what is -5882 - -4?
-5878
In base 7, what is -10433 + -1?
-10434
In base 7, what is 433 + 4?
440
In base 16, what is a3 - 1?
a2
In base 15, what is -de - -73?
-6b
In base 12, what is 12a - -3?
131
In base 5, what is 231 + -3?
223
In base 7, what is -311 + -15?
-326
In base 7, what is 65620 - 4?
65613
In base 12, what is 0 + 5289?
5289
In base 15, what is -5 + -2897?
-289c
In base 14, what is -5 + -28b8?
-28bd
In base 5, what is -3 - 104?
-112
In base 5, what is 10 - -12?
22
In base 4, what is -11 + -132221?
-132232
In base 6, what is 1511 - 1?
1510
In base 11, what is -22 - -31?
a
In base 8, what is -116 + 10?
-106
In base 9, what is 2 + 113?
115
In base 10, what is -1 - 87?
-88
In base 3, what is -200112022 + -11?
-200112110
In base 15, what is 13e7 - -5?
13ec
In base 7, what is -10666 + 5?
-10661
In base 7, what is 3 + 1126?
1132
In base 16, what is 320a - 5?
3205
In base 11, what is -1 - 4?
-5
In base 6, what is -12335 + -1?
-12340
In base 9, what is 283 - -1?
284
In base 13, what is -53 - -7?
-49
In base 4, what is -2322 + 30?
-2232
In base 12, what is -234 - -b?
-225
In base 13, what is -6 + 4b?
45
In base 10, what is 355 + -10?
345
In base 15, what is -b13 + 1?
-b12
In base 4, what is 3 + -101131?
-101122
In base 12, what is 386 - -1?
387
In base 13, what is 3a - 16?
24
In base 4, what is 23322 + -11?
23311
In base 14, what is -d - a5?
-b4
In base 12, what is 35 + 4?
39
In base 8, what is -36060 - 2?
-36062
In base 2, what is -11101010 + 10?
-11101000
In base 11, what is -16 - 12?
-28
In base 12, what is 63a - 4?
636
In base 14, what is -3 - 33?
-36
In base 16, what is -2f + 28?
-7
In base 12, what is -2 - 395?
-397
In base 12, what is b - 20?
-11
In base 13, what is 1 + 24?
25
In base 13, what is 57 + 63?
ba
In base 2, what is -1010010000 + 0?
-1010010000
In base 15, what is 0 + -15?
-15
In base 5, what is 302 - -2?
304
In base 3, what is 2110 + -11?
2022
In base 10, what is -1 + 1285?
1284
In base 11, what is 455 + 6?
